 prime factors of q(13)?
2, 3, 101
Suppose 6*c - 945 = c. Suppose 3*i - c = 87. What are the prime factors of i?
2, 23
Let c be 3/(-2)*(-424)/3. Suppose 4*l = 2*k - c, 3*l - 86 = -3*k + 2*k. List the prime factors of k.
2, 7
Let w(p) = -47*p - 779. What are the prime factors of w(-51)?
2, 809
List the prime factors of 0 + 4/((-4)/(-153)).
3, 17
Suppose 0 = -d + o + 3135, 5*d + o = 10049 + 5614. List the prime factors of d.
13, 241
Suppose 13 = 3*p + 1. Let k(i) = 11*i + 44. Let m be k(1). Suppose -3*c + p*c + 4*s = m, -s = 1. List the prime factors of c.
59
Suppose -18554 - 5435 = -7*l. List the prime factors of l.
23, 149
Suppose 5*v = -20, 3*v - 1887 = -a - 2*a. What are the prime factors of a?
3, 211
Let v = -57 - -152. Suppose -3*g - 2*g = -v. List the prime factors of g.
19
Suppose 5*c - 19 - 26 = 0. Suppose 0 = c*j - 14*j + 785. What are the prime factors of j?
157
Let z(j) = -4*j**3 + 7*j**2 + 40*j - 6. Let x(h) = 2*h**3 - 3*h**2 - 20*h + 3. Let k(r) = -9*x(r) - 4*z(r). What are the prime factors of k(-6)?
3, 7, 13
Let k be ((-60)/2)/(3/(-2)). Suppose -z - k = -3*z. Suppose -2*y + q + 29 = 3*y, -z = 2*y + 5*q. What are the prime factors of y?
5
Let z be 8 + -12 + 3*2. Let n be (-7 - -5)/(z/(-69)). Let h = -22 + n. List the prime factors of h.
47
Let r = -11 - -13. Suppose r*o = 7*o - 305. List the prime factors of o.
61
Suppose v + p = 5*v - 8400, 4186 = 2*v - 4*p. List the prime factors of v.
11, 191
Suppose 7*m - 383 = -i + 6*m, 4*m = i - 398. Let w = -203 + i. What are the prime factors of w?
3, 61
Suppose -4*l + 20 = 0, -20 = -5*t + 2*t + 5*l. Let k(j) = j**3 - 14*j**2 - 14*j + 20. What are the prime factors of k(t)?
5, 7
Let g(l) = 104*l - 6. Let y = 46 + -45. List the prime factors of g(y).
2, 7
Let d(w) = -2846*w - 47. What are the prime factors of d(-1)?
3, 311
Let g = -176 - -425. What are the prime factors of g?
3, 83
Let r = 3726 - 2047. List the prime factors of r.
23, 73
Let a = -358 + 628. Let q = a - 115. What are the prime factors of q?
5, 31
Let j = -44 - -235. Let c = j - 131. What are the prime factors of c?
2, 3, 5
Suppose -3*f - 2*c = 24, f + 18 + 7 = 5*c. What are the prime factors of 212/3 + f/15?
2, 5, 7
Suppose -j + 584 = -5*b, -j + 4*b - 1182 = -3*j. Suppose 2*x = -y + x + 295, 3*x - j = -2*y. What are the prime factors of y?
2, 37
Let w(m) be the first derivative of m**5/20 - m**4/3 + 5*m**3/6 - 5*m**2 - 2*m + 8. Let a(p) be the first derivative of w(p). List the prime factors of a(4).
2, 5
Let c(l) = l**2 + 3*l - 7. Let s be c(-5). Let p(d) = 9*d**2 - d + 3. Let x(n) = -8*n**2 - 2. Let b(z) = -3*p(z) - 4*x(z). What are the prime factors of b(s)?
53
Let x(u) = 6*u + 5*u + u - 1. Let s be (-1)/(3 + -5 + 1). List the prime factors of x(s).
11
Let u be ((-51)/34)/(3/(-4)). Suppose 0*p = -3*p + 3*o - 42, -3*p - 42 = -u*o. Let r = 17 - p. List the prime factors of r.
31
Let y(s) = -s**3 + 19*s**2 + 25*s - 19. List the prime factors of y(20).
3
Let m(a) = a**3 - 13*a**2 + 15*a + 4. Suppose 11*q - 14*q = -36. What are the prime factors of m(q)?
2, 5
Let f(n) = -154*n - 675. List the prime factors of f(-41).
5639
Suppose 38*i - 39*i + 199 = 0. List the prime factors of i.
199
Suppose 215*r - 213*r = 5210. What are the prime factors of r?
5, 521
List the prime factors of (-2)/6 + (-3926)/(-6).
2, 3, 109
Let f = -125 + 128. Suppose f*t + 5*o = -t + 355, -t + 90 = o. What are the prime factors of t?
5, 19
Let h be (4/(40/(-695)))/((-2)/4). Let g = h - 38. List the prime factors of g.
101
Let x = -1534 + 2424. What are the prime factors of x?
2, 5, 89
Let n(y) = -14*y**3 - 5*y**2 - 8*y - 4. List the prime factors of n(-2).
2, 13
Let o(v) = -2*v - 9 - 6 + 1 + 2*v**2. Let n be ((-1)/((-3)/36))/((-44)/(-22)). List the prime factors of o(n).
2, 23
Suppose 95 = 3*u + 2*u. Suppose 0 = -5*l + 3*v + 16, -3*l + 6*l - 3 = 4*v. Let p = u - l. List the prime factors of p.
2, 7
List the prime factors of (-80)/((-192)/30 + 6).
2, 5
Suppose 4*t - 72*l + 77*l - 160 = 0, 4*t - 160 = -2*l. What are the prime factors of t?
2, 5
Let g(x) = 31*x + 1. Let v be g(1). Suppose -o = -h - 8, 5*o - 3*h + 0 - v = 0. What are the prime factors of o?
2
Suppose -4*c + 9 = 3*m, m - c = 3*m - 6. Suppose -m*n + 471 = -303. List the prime factors of n.
2, 3, 43
Let h = 191 - 117. Let a = 74 + h. What are the prime factors of a?
2, 37
Let m(j) = -190*j - 102. List the prime factors of m(-15).
2, 3, 229
Suppose -5*l = 4*j - 8*j - 12, 0 = -3*j + 5*l - 14. Suppose q = -2, j*b + 30 = -2*b - 3*q. Let i(c) = c**3 + 6*c**2 - 3*c. What are the prime factors of i(b)?
2, 3
Suppose -2*f - 19 = -3*x, -5*x + 0*x + 3*f = -30. Let m be (-33)/(-4)*8/x. What are the prime factors of -3*-1*m/6?
11
Suppose -5*k + 996 = 4*l, -5*l + 2*l + 597 = 3*k. Suppose -5*w + 10 = 3*c - k, 0 = 3*w - 3*c - 150. What are the prime factors of w?
3, 5
Let q = 94 + -154. What are the prime factors of (104/(-5))/((-6)/q*-1)?
2, 13
Suppose 11596 = 48*m - 35*m. What are the prime factors of m?
2, 223
Suppose -572 = -276*v + 275*v. What are the prime factors of v?
2, 11, 13
Suppose -3*r + 28 = -4*w, 3*r + w - 20 = 3*w. Suppose -m - r*c = -94, -3*m + 179 + 28 = -3*c. List the prime factors of m.
2, 37
Let o = 27 - 9. Let m(z) = z - 116 + 116 + o*z**2. List the prime factors of m(1).
19
Suppose 3*n + 7 - 4 = 0. Let t = 1 + n. Suppose -4*i + 4 = 0, 4*j - 8*j - 5*i + 49 = t. What are the prime factors of j?
11
Let i = -3 - 3. Let m(x) = x**3 + 7*x**2 - 2*x + 20. What are the prime factors of m(i)?
2, 17
Let m = -10 + 12. Let g(z) = 31*z**3 + 2*z**2. What are the prime factors of g(m)?
2
Suppose -50*a + 242891 = 21*a. What are the prime factors of a?
11, 311
Let w = -186 - -495. List the prime factors of w.
3, 103
Suppose s - 5*v = 15 + 71, 0 = 5*v - 20. Let x = -36 + s. List the prime factors of x.
2, 5, 7
Let a(d) = -d + 3*d - 6 - d. Let u be a(6). Suppose 2*g + 3*f - 3 = u, -f = -5*g + f + 17. List the prime factors of g.
3
Let a(y) = -48 - 4*y + 50 + y. Let u(p) = -p - 4. Let g be u(-2). What are the prime factors of a(g)?
2
Let j = 8685 - 5953. What are the prime factors of j?
2, 683
Suppose 0 = -5*b + 5*h - 2*h + 10653, 2*h = -2. Suppose -10*s = -9*s - b. What are the prime factors of ((-4)/6)/((-20)/s)?
71
What are the prime factors of (-1*17/(-4))/((-43)/(-2408))?
2, 7, 17
Let w(x) = -7*x**3 - 2*x**2 - 2*x - 2. Let z be 2*(-2)/2 + 0. List the prime factors of w(z).
2, 5
Let j(l) = 6*l**3 + 3*l**2 - 5*l - 10. Let q(u) = -3*u**3 - u**2 + 3*u + 5. Let x(k) = 2*j(k) + 5*q(k). What are the prime factors of x(-3)?
2, 5
Let s(c) = -c**2 - 4*c - 3. Let w be s(-4). Let m = 53 + -44. Let b = w + m. What are the prime factors of b?
2, 3
Suppose 4*k - 4*u = -428, 3*k + 2*k + 2*u = -521. What are the prime factors of k/6*(-20)/2?
5, 7
Let k(b) be the first derivative of -11*b**2/2 + 8*b - 13. What are the prime factors of k(-3)?
41
Let p(n) = n**2 + 2*n + 2. Let x be p(0). Suppose -549 = -5*y - 2*l, l = y - x*l - 103. List the prime factors of y.
109
Suppose 12*p = -7*p + 10944. What are the prime factors of p?
2, 3
Suppose 22*w + 9790 = 33*w. What are the prime factors of w?
2, 5, 89
Suppose -p + 3*p = -312. Let z(l) = 2*l - 3. Let q be z(3). What are the prime factors of (p/2)/(q - 5)?
3, 13
Let o(s) = s - 5. Let z be o(7). Suppose -72 = -2*p - z*l, p - 4*p - 2*l + 108 = 0. List the prime factors of p.
2, 3
Let k(a) = a**3 + 6*a**2 + a - 5. Let q = -7 + 2. Let s be k(q). Suppose -5*l = 3*t - 8*t + 150, 3*l = -s. What are the prime factors of t?
5
List the prime factors of (-20 - -19) + 0 + (-1073)/(-1).
2, 67
Let j = -35 - -30. Let q be 3 + j + (-22 - 0). List the prime factors of q/(-4)*(-4)/(-1).
2, 3
Let l(x) = -x**2 - 9*x - 4. Let j(i) = 0*i**2 - i**2 + 0*i - 5*i + 0*i. Let t be j(-6). What are the prime factors of l(t)?
2, 7
Suppose -h = l - 1759, h - 424 = 2*l + 1350. List the prime factors of h.
2, 3, 7
Suppose -3*g = -2*o - 3*o + 5, -4*o = 4*g - 36. Suppose -o*l - 27 + 379 = 0. What are the prime factors of l?
2, 11
Suppose -2*a + 7*a - 25 = 0, a = 2*h - 569. List the prime factors of h.
7, 41
Let f(i) = -i**2 - 14*i - 26. Let p be f(-21). Let n = p - -423. What are the prime factors of n?
2, 5
Let i(s) = 73*s - 94. What are the prime factors of i(7)?
3, 139
Suppose 2*o + 4*i + 41 = o, 4*o = -4